at is b(1)?
-9
Let u(h) = -5*h - 20. Calculate u(-8).
20
Let v(s) = -s**2 + 14*s + 26. Calculate v(0).
26
Let s(a) = a**3 - 10*a**2 + 9*a - 6. Calculate s(9).
-6
Let k(x) = x**3 + 25*x**2 - 24*x + 61. Calculate k(-26).
9
Let i(k) = -19*k + 4. Give i(0).
4
Let n(o) = -2*o**2 + o - 7. What is n(2)?
-13
Let c(j) = j**3 + 3*j**2 - j - 4. What is c(-2)?
2
Let p(f) = -f**3 - 7*f**2 + 8*f - 10. What is p(-8)?
-10
Let g(q) = 31*q - 128. Give g(4).
-4
Let b(c) = -c**3 + 20*c**2 + 20*c + 16. Determine b(21).
-5
Let b(n) = -4*n**3 - 2*n**2 + 3*n - 2. Give b(1).
-5
Let p(g) = g + 79. What is p(0)?
79
Let q(a) = a**2 - 8*a + 2. Calculate q(7).
-5
Let u(z) = -z**3 - 7*z**2 - 1. Calculate u(-7).
-1
Let l(u) = -3*u**3 + 24*u**2 - 12*u + 21. What is l(8)?
-75
Let l(c) = -76*c**2 - c - 2. Calculate l(-1).
-77
Let s(y) = 11*y**2 + y. Determine s(-1).
10
Let d(t) = t**2 + 11*t + 10. Determine d(-9).
-8
Let p(z) = -z**3 - 6*z**2 - 3*z + 9. Give p(-5).
-1
Let t(n) = n**2 + 11*n - 6. What is t(-11)?
-6
Let l(x) = x**3 - 4*x**2 + 2*x + 1. What is l(2)?
-3
Let d(q) = -2*q + 116. What is d(61)?
-6
Let a(d) = 5*d - 24. Determine a(15).
51
Let f(p) = 3*p - 10. Give f(3).
-1
Let y(l) = -2*l**2 - 28*l - 9. Determine y(-12).
39
Let k(u) = u**2 - 12*u + 8. Determine k(6).
-28
Let b(v) = 2*v - 32. Determine b(11).
-10
Let j(n) = 10*n + 79. What is j(-12)?
-41
Let k(s) = -s**3 + 10*s**2 + 3*s - 14. Calculate k(10).
16
Let p(y) = 2*y**2 + 5*y + 2. Determine p(-4).
14
Let q(s) = s**2 - 5*s + 7. Determine q(6).
13
Let k(t) = t - 8. Determine k(6).
-2
Let o(y) = y**2 + 3*y - 17. Give o(0).
-17
Let g(c) = -5*c**2 + 4*c - 3. Give g(2).
-15
Let j(c) = -c**2 - c + 70. Determine j(-8).
14
Let q(w) = -10*w - 34. Give q(-5).
16
Let s(v) = -v**2 - 10*v - 8. Give s(-7).
13
Let l(b) = -6*b**2 + 24*b + 52. What is l(-2)?
-20
Let j(q) = q**2 - 6*q - 52. Calculate j(11).
3
Let n(l) = l**3 - 12*l**2 + 9*l + 12. Determine n(9).
-150
Let s(r) = r - 5. Give s(3).
-2
Let u(m) = m**3 + 7*m**2 + 10*m + 5. Calculate u(-5).
5
Let m(p) = -p**3 + 6*p**2 + 9*p - 76. What is m(5)?
-6
Let k(t) = 50*t - 2906. Give k(58).
-6
Let c(s) = 9*s - 1. Calculate c(-3).
-28
Let q(k) = 5*k**2 - 26*k + 7. What is q(5)?
2
Let t(q) = -q**2 - 17*q + 3. What is t(-13)?
55
Let d(w) = 27*w - 4. What is d(0)?
-4
Let h(r) = r**3 - 6*r**2 + 2*r - 5. What is h(4)?
-29
Let h(m) = -m**3 - 31*m**2 - 32*m - 39. Give h(-30).
21
Let l(o) = -7*o - 5. What is l(-2)?
9
Let y(w) = -18*w**3 + 2*w**2 + w - 1. Determine y(-1).
18
Let v(a) = a**3 - 8*a**2 - 7*a - 11. Calculate v(8).
-67
Let y(k) = -k**3 + k**2 + 15. Calculate y(0).
15
Let o(h) = -h**3 + 17*h**2 - 16*h - 8. Calculate o(16).
-8
Let f(u) = 18*u + 311. Give f(-17).
5
Let h(i) = -i**2 - 10*i - 2. Calculate h(-13).
-41
Let t(h) = h**2 + 10. What is t(-4)?
26
Let h(i) = i**3 + 6*i**2 - 14*i + 8. What is h(-7)?
57
Let j(s) = 56*s + 201. Give j(-4).
-23
Let i(y) = -119*y + 352. Determine i(3).
-5
Let s(y) = y + 1. What is s(8)?
9
Let p(g) = -31*g - 410. Calculate p(-13).
-7
Let t(c) = -c**2 - c + 22. Determine t(-7).
-20
Let n(p) = 2*p + 50. Determine n(-25).
0
Let p(t) = -2*t - 16. Determine p(0).
-16
Let k(f) = f**2 + 8*f + 2. Give k(-7).
-5
Let p(z) = -z + 8. Calculate p(4).
4
Let p(i) = i**3 - 17*i**2 + 68*i + 18. Determine p(10).
-2
Let z(l) = -20*l - 12. Determine z(-1).
8
Let c(a) = -8*a**3 + a**2 + a + 1. Calculate c(-1).
9
Let r(x) = x + 2. Calculate r(-2).
0
Let q(x) = x**2 - 10*x - 5. Determine q(12).
19
Let z(x) = -x**3 - 11*x**2 + x - 2. Give z(-11).
-13
Let r(q) = -q**3 + 6*q**2 + q - 8. Determine r(5).
22
Let b(y) = -6*y - 1. Calculate b(3).
-19
Let y(i) = 10*i**2 + 21*i - 44. Give y(2).
38
Let k(y) = y**2 + 3*y + 1. Give k(-6).
19
Let a(f) = -2*f**2 - 4*f - 6. Give a(-3).
-12
Let a(b) = -b**3 - 3*b**2 + 4*b + 1. Determine a(-4).
1
Let p(x) = -3*x**2 + 21*x + 3. Determine p(7).
3
Let z(r) = 10*r + 57. Calculate z(-6).
-3
Let w(d) = -d**3 + 12*d**2 - 41*d + 21. Calculate w(6).
-9
Let q(s) = -4*s - 2. Determine q(-2).
6
Let q(p) = -4*p**2 + 216*p + 5. What is q(54)?
5
Let h(u) = -u**3 - 10*u**2 + 23*u - 1. Determine h(-12).
11
Let f(h) = -25*h**2. Calculate f(1).
-25
Let m(y) = -11*y**2 - y + 2. Determine m(1).
-10
Let k(v) = v**3 - 12*v**2 + 14*v + 10. Determine k(10).
-50
Let y(f) = 11*f + 143. What is y(-13)?
0
Let h(m) = -31*m**3 - m**2 + 4*m + 3. Give h(-1).
29
Let f(u) = -u**3 - 12*u**2 + u + 27. What is f(-12)?
15
Let w(i) = 8*i**2 - 14*i. Give w(2).
4
Let f(c) = -c**2 - c + 8. Calculate f(-4).
-4
Let k(z) = 6*z + 86. Calculate k(-13).
8
Let y(j) = j**2 - 4*j + 2. Give y(5).
7
Let q(j) = -j**2 - 8*j + 3. Determine q(-5).
18
Let t(r) = r**3 + 35*r**2 + 123*r - 41. Give t(-31).
-10
Let t(g) = -4*g - 8. Determine t(2).
-16
Let n(a) = -a**2 - 36*a + 68. What is n(-38)?
-8
Let a(o) = -o**3 + 31*o**2 + 73*o - 234. What is a(33)?
-3
Let x(i) = 7*i + 76. Calculate x(-12).
-8
Let z(y) = -y**3 - 23*y**2 + 19*y - 5. What is z(-24)?
115
Let p(z) = z**3 - 35*z - 3. Give p(6).
3
Let q(f) = 20*f - 111. Calculate q(6).
9
Let l(i) = i**2 - 17*i - 4. Give l(10).
-74
Let j(v) = -4*v + 10. Determine j(2).
2
Let m(r) = -4*r + 31. What is m(9)?
-5
Let x(n) = n**2 - 37*n + 169. Determine x(5).
9
Let b(a) = a**3 - 2*a**2 + 4*a - 4. Give b(3).
17
Let m(i) = i**3 - 15*i**2 + 13*i + 21. What is m(14)?
7
Let u(a) = a**2 - 5*a - 2. Give u(5).
-2
Let y(g) = g**3 + 12*g**2 - 64*g + 9. Calculate y(-16).
9
Let x(a) = -a**3 - 10*a**2 - 11*a. What is x(-9)?
18
Let k(h) = -4*h - 4. Calculate k(-2).
4
Let t(x) = x**3 - 5*x**2 - 4*x - 12. What is t(6)?
0
Let o(i) = -i**3 - 9*i**2 - 2*i - 15. Calculate o(-10).
105
Let b(z) = z + 2. What is b(5)?
7
Let y(s) = 2*s**2 - 40*s - 36. Give y(20).
-36
Let b(t) = 3*t**2 - 32*t - 4. Calculate b(10).
-24
Let f(j) = -j**3 - j**2 + 2*j - 1. Give f(-2).
-1
Let c(t) = -t**3 - 67*t**2 + 7*t + 462. Give c(-67).
-7
Let u(h) = -h**2 + 7*h - 22. Give u(11).
-66
Let l(b) = b**3 + 3*b**2 + 3*b + 5. Give l(-3).
-4
Let u(p) = p**2 + 4*p - 6. Determine u(-5).
-1
Let o(b) = 2*b**2 + 44*b + 3. Determine o(-22).
3
Let s(a) = a**2 - 19*a + 58. What is s(16)?
10
Let r(w) = -w**3 + 3*w**2 + 5*w - 2. Calculate r(4).
2
Let p(b) = -8*b + 2. Determine p(-12).
98
Let d(l) = -17*l - 6. Give d(-2).
28
Let j(n) = -59*n - 120. Determine j(-2).
-2
Let t(y) = 18*y + 22. What is t(-3)?
-32
Let l(f) = 4*f**2 - 57*f + 110. Determine l(12).
2
Let c(l) = -l**3 - 19*l**2 - 12*l + 94. Give c(-18).
-14
Let p(y) = -14*y - 6. Give p(-2).
22
Let x(k) = -k**3 - 8*k**2 - 15*k - 114. Determine x(-8).
6
Let p(x) = 21*x**3 + x**2 + 2*x + 2. What is p(-1)?
-20
Let m(l) = -89*l - 4. What is m(-2)?
174
Let m(q) = -q**3 - 8. Calculate m(0).
-8
Let s(r) = -r**3 + r - 6. Give s(0).
-6
Let l(x) = -12*x + 51. Give l(4).
3
Let t(d) = d**3 + 3*d**2 - 2*d - 1. Calculate t(-4).
-9
Let f(x) = x - 29. What is f(25)?
-4
Let g(v) = -2*v - 59. Calculate g(-14).
-31
Let r(f) = -7*f + 54. Determine r(14).
-44
Let g(r) = -r**2 - 21*r - 31. Determine g(-2).
7
Let i(h) = -h**3 + 7*h**2 - 9*h + 2. Calculate i(6).
-16
Let g(j) = -j**3 + 10*j**2 - 9*j + 10. What is g(9)?
10
Let u(x) = 2*x + 12. Give u(-13).
-14
Let v(x) = 54*x + 924. What is v(-17)?
6
Let d(o) = 12*o + 2. Give d(5).
62
Let u(s) = s**2 + 21*s + 15. Calculate u(-6).
-75
Let r(b) = -25*b + 248. Give r(10).
-2
Let f(l) = l**2 - 11*l - 126. Give f(-7).
0
Let p(f) = 5*f**2 - 102*f - 7. Give p(21).
56
Let x(g) = 2*g + 2. What is x(-13)?
-24
Let g(p) = p**2 + 5*p + 26. Give g(0).
26
Let y(j) = -4*j**2 + 106*j - 52. Calculate y(26).
0
Let s(u) = 18*u - 18. Give s(1).
0
Let o(q) = 2*q + 40. Determine o(-7).
26
Let p(d) = 2*d**3 - 14*d**2 - 17*d + 13. Give p(8).
5
Let q(h) = 3*h + 73. Give q(-25).
-2
Let o(s) = s**2 + 27*s - 36. What is o(-28)?
-8
Let o(r) = 5*r + 4. Calculate o(3).
19
Let u(s) = s**3 - 2*s**2 - 2*s + 2. Calculate u(4).
26
Let v(d) = -d**3 + 14*d**2 - 15*d + 27. Calculate v(13).
1
Let w(n) = -2*n**3 + 3*n**2 - 4*n. Determine w(3).
-39
Let l(s) = -13*s - 7. Give l(-3).
32
Let n(i) = -i**2 - 3*i - 4. Give n(-5).
-14
Let s(p) = -p**2 + 7. Calculate s(-5).
-18
Let j(v) = -v**3 + 5*v**2 + 7*v - 16. Calculate j(5).
19
Let y(w) = 14*w + 2. Calculate y(0).
2
Let u(b) = -b - 17. Give u(-5).
-12
Let p(x) = -x**2 - 14*x - 15. Give p(-13).
-2
Let b(v) = -59*v + 13. Give